{"id":850,"date":"2025-01-29T08:56:17","date_gmt":"2025-01-29T11:56:17","guid":{"rendered":"https:\/\/vivergrass.com\/loja\/?post_type=product&#038;p=850"},"modified":"2025-01-29T10:30:47","modified_gmt":"2025-01-29T13:30:47","slug":"interpretacao-de-analise-de-solo","status":"publish","type":"product","link":"https:\/\/vivergrass.com\/loja\/produto\/interpretacao-de-analise-de-solo\/","title":{"rendered":"Interpreta\u00e7\u00e3o de An\u00e1lise de Solo"},"content":{"rendered":"<p><strong>A IMPORT\u00c2NCIA DA AN\u00c1LISE DE SOLO<\/strong><\/p>\n<p>Entender as condi\u00e7\u00f5es do solo \u00e9 essencial para garantir o sucesso dos sistemas de produ\u00e7\u00e3o sob pastejo. Com a an\u00e1lise de solo, \u00e9 poss\u00edvel realizar corre\u00e7\u00f5es e aduba\u00e7\u00f5es de forma precisa, eficiente e econ\u00f4mica, resultando em pastagens de alta qualidade e na redu\u00e7\u00e3o de custos de produ\u00e7\u00e3o.<\/p>\n<hr \/>\n<p><strong>NOSSO SERVI\u00c7O<\/strong><\/p>\n<p>Contrate nosso servi\u00e7o de <strong>interpreta\u00e7\u00e3o de an\u00e1lise de solo<\/strong> e tenha acesso a recomenda\u00e7\u00f5es personalizadas e confi\u00e1veis feitas por uma equipe especializada em agropecu\u00e1ria. Trabalhamos com:<\/p>\n<ul>\n<li><strong>Agilidade:<\/strong> Processamos seus dados rapidamente.<\/li>\n<li><strong>Tecnologia avan\u00e7ada:<\/strong> Utilizamos programas digitais desenvolvidos internamente.<\/li>\n<li><strong>Orienta\u00e7\u00e3o completa:<\/strong> Ajudamos no processo de coleta das amostras e no envio para o laborat\u00f3rio da sua regi\u00e3o.<\/li>\n<\/ul>\n<p>Cada unidade adquirida equivale a uma <strong>amostra de solo com interpreta\u00e7\u00e3o detalhada.<\/strong> J\u00e1 tem os resultados do laborat\u00f3rio? \u00d3timo! Envie-os e torne o processo ainda mais simples e r\u00e1pido.<\/p>\n<hr \/>\n<p><strong>IMPORTANTE:<\/strong><\/p>\n<ul>\n<li>O custo da an\u00e1lise realizada no laborat\u00f3rio n\u00e3o est\u00e1 incluso. Nosso servi\u00e7o \u00e9 exclusivo para a <strong>interpreta\u00e7\u00e3o dos dados.<\/strong><\/li>\n<li>Ap\u00f3s a confirma\u00e7\u00e3o do pedido e pagamento, nossa equipe entrar\u00e1 em contato pelo e-mail cadastrado para dar continuidade ao processo.<\/li>\n<li>Para d\u00favidas, estamos \u00e0 disposi\u00e7\u00e3o via WhatsApp.<\/li>\n<\/ul>\n<p><strong>Otimize sua produ\u00e7\u00e3o com an\u00e1lises detalhadas e recomenda\u00e7\u00f5es profissionais!<\/strong><\/p>\n","protected":false},"excerpt":{"rendered":"<p>A IMPORT\u00c2NCIA DA AN\u00c1LISE DE SOLO Entender as condi\u00e7\u00f5es do solo \u00e9 essencial para garantir o sucesso dos sistemas de produ\u00e7\u00e3o sob pastejo. Com a an\u00e1lise de solo, \u00e9 poss\u00edvel realizar corre\u00e7\u00f5es e aduba\u00e7\u00f5es de forma precisa, eficiente e econ\u00f4mica, resultando em pastagens de alta qualidade e na redu\u00e7\u00e3o de custos de produ\u00e7\u00e3o. NOSSO SERVI\u00c7O [&hellip;]<\/p>\n","protected":false},"featured_media":851,"template":"","meta":{"_monsterinsights_skip_tracking":false,"_monsterinsights_sitenote_active":false,"_monsterinsights_sitenote_note":"","_monsterinsights_sitenote_category":0,"_uf_show_specific_survey":0,"_uf_disable_surveys":false},"product_brand":[],"product_cat":[37],"product_tag":[],"class_list":{"0":"post-850","1":"product","2":"type-product","3":"status-publish","4":"has-post-thumbnail","6":"product_cat-servicos","8":"first","9":"instock","10":"shipping-taxable","11":"product-type-external"},"aioseo_notices":[],"_links":{"self":[{"href":"https:\/\/vivergrass.com\/loja\/wp-json\/wp\/v2\/product\/850","targetHints":{"allow":["GET"]}}],"collection":[{"href":"https:\/\/vivergrass.com\/loja\/wp-json\/wp\/v2\/product"}],"about":[{"href":"https:\/\/vivergrass.com\/loja\/wp-json\/wp\/v2\/types\/product"}],"wp:featuredmedia":[{"embeddable":true,"href":"https:\/\/vivergrass.com\/loja\/wp-json\/wp\/v2\/media\/851"}],"wp:attachment":[{"href":"https:\/\/vivergrass.com\/loja\/wp-json\/wp\/v2\/media?parent=850"}],"wp:term":[{"taxonomy":"product_brand","embeddable":true,"href":"https:\/\/vivergrass.com\/loja\/wp-json\/wp\/v2\/product_brand?post=850"},{"taxonomy":"product_cat","embeddable":true,"href":"https:\/\/vivergrass.com\/loja\/wp-json\/wp\/v2\/product_cat?post=850"},{"taxonomy":"product_tag","embeddable":true,"href":"https:\/\/vivergrass.com\/loja\/wp-json\/wp\/v2\/product_tag?post=850"}],"curies":[{"name":"wp","href":"https:\/\/api.w.org\/{rel}","templated":true}]}}